4*w - 4 = -o*g, -3*g - w + 13 = g. Calculate the highest common factor of g and 6.
2
Suppose -2*i = q - 11, -q + 1 = 3*i + i. Calculate the greatest common factor of q and 189.
21
Let h = -29 + 33. Suppose 51 = -4*r + h*u + 495, r + 3*u = 107. Calculate the highest common divisor of r and 22.
22
Let q be (-8 + (-1 - -25))*2. What is the highest common factor of q and 136?
8
Let m(z) = 108*z**2 + z + 3. Let k be m(-1). What is the highest common divisor of k and 275?
55
Let j(d) = -20 + 25*d**3 - 16*d**2 - 18*d - 26*d**3 - 9. Let m be j(-15). Let r be (6/5)/((-3)/(-40)). Calculate the highest common divisor of m and r.
16
Suppose 0 = 2*x, 0*q + 3*q - 3*x = 54. Let g = 4 + q. Calculate the highest common factor of g and 198.
22
Let f(y) = 8*y**2 + 15*y - 3. Let t be f(-8). Suppose t = 7*l + 53. Calculate the greatest common divisor of l and 120.
24
Suppose 0 = 18*v + 252 - 1455 + 555. Let n = 25 + -13. What is the greatest common factor of v and n?
12
Suppose 76 + 29 = 7*u. Let g be 28284/10 - (-4)/(-10). Let w be g/21 - 1/(-3). Calculate the greatest common divisor of w and u.
15
Let f be (-873)/(-7) - (-44)/154. Calculate the highest common factor of 5 and f.
5
Let s = -65 - -50. Let u = s - -22. What is the greatest common divisor of u and 77?
7
Suppose -84 = -18*n + 42. Calculate the highest common factor of 49 and n.
7
Let y(k) = -314*k + 651. Let c be y(2). Let h be 554/8 - 3/12. What is the highest common divisor of h and c?
23
Let g = 617 + 463. What is the highest common factor of g and 20?
20
Let a = -129 - -159. What is the highest common factor of a and 1035?
15
Let d(h) = 2*h - 10. Let n be d(6). Suppose n*u = 6*u - 16. Suppose 0 = 2*w - 2*c - 50, 3*c = -u*w + 8*w - 99. Calculate the highest common divisor of 8 and w.
8
Let i(x) = -x**3 - 8*x**2 + 8*x + 67. Let j be i(-8). Calculate the greatest common divisor of 69 and j.
3
Suppose -4*u = u + 20. Let k be (-60)/27 + u/(-18). Let s be -2*(-34)/4 + k. Calculate the greatest common divisor of s and 6.
3
Suppose -3*q = -0*q - 5*m - 40, 4*m + 8 = 0. Let i be 16/(-72) + 2/9. Let u(f) = -f + 5. Let o be u(i). What is the highest common factor of o and q?
5
Let g(f) = f**3 + 25*f**2 - 54*f + 6. Let b be g(-27). Suppose -292 = -b*i + 212. What is the greatest common divisor of 56 and i?
28
Suppose -2*y - 5*u + 1 = -0*y, y + 10 = u. Let v = y - -36. Let k = v + -11. Calculate the greatest common factor of 72 and k.
18
Suppose -4*w = -182 + 62. Calculate the highest common factor of w and 66.
6
Suppose j - 9*j = -416. Suppose -126 = -3*p + 2*r + 272, -122 = -p - 2*r. What is the greatest common divisor of p and j?
26
Let g = -770 + 861. What is the greatest common factor of g and 78?
13
Suppose 3*s + 5*d - 22 = 0, -2*d - 4 = -14. Let v be 48 + -4 + (-1)/s. Calculate the greatest common factor of 9 and v.
9
Suppose 519 = -12*x + 1719. Calculate the highest common divisor of 275 and x.
25
Let t = 32 + -26. Let i be (-21)/(-6) + 9/t. What is the highest common divisor of i and 20?
5
Suppose 4*a - 280 = 72. Suppose 0 = 5*w + 28 - 138. What is the highest common divisor of a and w?
22
Suppose -6*g - 69 = -81. Suppose -3*z + 549 = 3*k, 2*k - g*z + 179 = 3*k. What is the highest common divisor of 17 and k?
17
Let v = -169 - -295. What is the greatest common divisor of 14 and v?
14
Suppose 312 = -4*r + 5*o, 4*r + 5*o + 177 + 135 = 0. Let y = r - -114. Let l = 8 + -4. Calculate the highest common factor of l and y.
4
Let k = 1498 - 1492. Let m be 5 - -2*1/2. Calculate the greatest common factor of k and m.
6
Let n be ((-45)/(-27))/(10/36). What is the greatest common factor of 402 and n?
6
Let s = 776 - 761. Calculate the greatest common factor of 420 and s.
15
Let c = -61 + 33. Let g = 79 + c. Calculate the highest common divisor of g and 34.
17
Suppose 4*v + 5*u - 52 = 0, -6*u + 10*u + 16 = 4*v. Calculate the greatest common factor of v and 248.
8
Let j(u) = 66*u - 13. Let h be j(1). Let w = h + -50. Let k = -23 - -32. What is the highest common factor of w and k?
3
Let m(c) = 11*c - 225. Let d be m(21). What is the greatest common factor of d and 33?
3
Let g = -29 + 44. What is the greatest common divisor of g and 55?
5
Let x(k) = -k**3 - 17*k**2 + 2*k + 45. Let s be x(-17). Suppose -2*i + i = -22. What is the greatest common divisor of i and s?
11
Suppose -1573 = -3*s - 5*g + 5470, -4*g - 9444 = -4*s. Calculate the greatest common divisor of s and 31.
31
Suppose 2*c = -c + 5*v + 26, -3*c = v - 2. Suppose -4*z = c - 30. What is the highest common divisor of z and 56?
7
Suppose -2*o + 18 = -z, 7*o - 3*o - 30 = -z. Calculate the greatest common factor of o and 264.
8
Let j(c) = -c**2 - 3*c + 9. Let b = 30 - 34. Let f be j(b). What is the greatest common factor of f and 1?
1
Let a = 6 - 2. Suppose -2*d - 6 = 0, -d + 15 = p - a. Let v = 1 + 10. What is the greatest common factor of p and v?
11
Suppose -19*v + 5*v = -840. Calculate the highest common divisor of 5 and v.
5
Let m = -2 - -21. Let p(o) be the first derivative of 14*o**3/3 + o**2 + 13*o + 32. Let w be p(-3). Calculate the highest common factor of w and m.
19
Let z(i) = -i**3 + 6*i**2 + 5*i - 16. Let d be z(6). Suppose -9*f = -77 + d. Suppose 4*x = 6 - 2. Calculate the highest common factor of f and x.
1
Suppose -4*g + 13 = b, g - 16 = -2*b + b. Let r = 37 - b. Let u(f) = 5*f**2 - 10*f + 85. Let i be u(5). Calculate the greatest common divisor of r and i.
20
Let t = 307 + -299. What is the greatest common divisor of t and 488?
8
Suppose -10*z + 1130 - 430 = 0. What is the greatest common divisor of 875 and z?
35
Let d(b) = 11*b + 91. Let s be d(-6). What is the highest common divisor of 2 and s?
1
Let j be 2/8 - (-190)/8. Let a = 11 + -17. Let b = 9 + a. Calculate the greatest common divisor of j and b.
3
Suppose 2*o - 5*m + 13400 = -m, 4*o = 5*m - 26788. Let v be o/(-70) + 2/5. Calculate the highest common divisor of v and 24.
24
Let t be (-2)/7 + (-72578)/(-154) + 22. Calculate the highest common factor of t and 29.
29
Let k = 92 - 62. Suppose -5*n = n + 12. Let u(x) = 4*x**2 - 3*x - 2. Let w be u(n). What is the highest common divisor of w and k?
10
Let f be (-10)/10 + (-3 - -6 - 39). Let q be (2 - (-1 + 1))*4. Let m = q - f. Calculate the greatest common divisor of 15 and m.
15
Let k = 86 - 167. Let d = -61 - k. What is the greatest common divisor of d and 15?
5
Let m(x) = 14*x - 26. Let f be m(7). What is the highest common divisor of 168 and f?
24
Let w = 16 + -6. Suppose -3554*d = -3546*d - 40. Calculate the highest common factor of d and w.
5
Suppose 20*w - 15 = 15*w. Let r be (4/16)/(w/36). Let i be 17 + (-3 - (-15)/r). Calculate the greatest common factor of i and 19.
19
Let m be -12 + 10 + 132/(-2). Let a = -38 - m. Let d = 82 - a. What is the greatest common factor of 13 and d?
13
Let b be 3/(-2)*(-240)/(-18). Let f = -44 - b. Let c be 2/8 - 234/f. Calculate the highest common divisor of c and 80.
10
Suppose 3*q = 3*j - 1005, 4*j = -5*q + 484 + 811. What is the greatest common factor of j and 30?
30
Let m be 15282/45 + (-16)/(-40). What is the greatest common divisor of m and 20?
20
Let h = 1 - -16. Suppose 13*z + 72 = h*z. What is the greatest common divisor of 27 and z?
9
Let o(q) = -2*q**2 - 12*q. Let k be o(-5). Let w be (-12)/(-15)*k/(6/3). Calculate the highest common factor of 4 and w.
4
Suppose -1 = -4*a + s + 2*s, -2*a = s - 3. What is the highest common divisor of a and 16?
1
Suppose 3*c - x - 48 = 127, 280 = 5*c - 4*x. Suppose -2*t + 126 = 2*s, -5*s - 46 - 73 = -2*t. Let k = t + -42. Calculate the greatest common divisor of k and c.
20
Let p(h) = -14*h + 1. Let f be p(-1). Let n = 0 + f. Suppose -10 = -q - s + 2, 2*q + s = 27. Calculate the highest common factor of q and n.
15
Let k = -9 - 84. Let w = k - -123. What is the greatest common factor of w and 24?
6
Suppose 8*y - 540 = -10*y. Calculate the greatest common factor of y and 75.
15
Suppose 0*j = 5*w - j + 21, 0 = -j + 1. Let i be 1 - (0 - w)/(-1). What is the greatest common factor of 5 and i?
5
Let j = 1079 - 1007. Calculate the highest common factor of j and 168.
24
Suppose 42 = p + 6*p. Let u(f) = 14*f + 14. Let y be u(p). Calculate the greatest common divisor of y and 14.
14
Let f be 135/6*(-160)/(-360). Calculate the greatest common factor of 190 and f.